 divided by 142.
131
What is the remainder when 20070 is divided by 1338?
0
What is the remainder when 13787 is divided by 862?
857
Calculate the remainder when 1247712 is divided by 151.
150
Calculate the remainder when 18661 is divided by 6193.
82
Calculate the remainder when 97235 is divided by 333.
332
Calculate the remainder when 5413 is divided by 2527.
359
What is the remainder when 163174 is divided by 81582?
10
What is the remainder when 2099 is divided by 906?
287
Calculate the remainder when 6992 is divided by 63.
62
What is the remainder when 110467 is divided by 324?
307
What is the remainder when 204093 is divided by 204080?
13
What is the remainder when 25725 is divided by 12856?
13
Calculate the remainder when 14090 is divided by 346.
250
What is the remainder when 15311 is divided by 4974?
389
What is the remainder when 91099 is divided by 233?
229
What is the remainder when 6535 is divided by 19?
18
Calculate the remainder when 2626 is divided by 1168.
290
What is the remainder when 1067 is divided by 243?
95
What is the remainder when 893 is divided by 822?
71
What is the remainder when 26775 is divided by 13386?
3
What is the remainder when 58498 is divided by 25?
23
What is the remainder when 1664 is divided by 1031?
633
What is the remainder when 19447 is divided by 19417?
30
Calculate the remainder when 5949 is divided by 1161.
144
What is the remainder when 1044 is divided by 344?
12
Calculate the remainder when 2555808 is divided by 2209.
2204
Calculate the remainder when 11849 is divided by 556.
173
What is the remainder when 1913 is divided by 87?
86
Calculate the remainder when 4591834 is divided by 1107.
1105
What is the remainder when 38676 is divided by 707?
498
What is the remainder when 6005 is divided by 64?
53
What is the remainder when 33283 is divided by 204?
31
What is the remainder when 8284 is divided by 139?
83
What is the remainder when 276243 is divided by 761?
0
What is the remainder when 40824 is divided by 10?
4
What is the remainder when 1233 is divided by 903?
330
What is the remainder when 7589 is divided by 73?
70
Calculate the remainder when 68376 is divided by 295.
231
What is the remainder when 1751261 is divided by 32?
29
What is the remainder when 89448 is divided by 50?
48
What is the remainder when 24906 is divided by 86?
52
Calculate the remainder when 12494 is divided by 26.
14
What is the remainder when 4084 is divided by 123?
25
Calculate the remainder when 856923 is divided by 14.
11
What is the remainder when 59944 is divided by 19976?
16
What is the remainder when 54215 is divided by 8?
7
Calculate the remainder when 13515 is divided by 22.
7
Calculate the remainder when 4209 is divided by 794.
239
What is the remainder when 182626 is divided by 63?
52
What is the remainder when 2325 is divided by 789?
747
What is the remainder when 268553 is divided by 742?
691
What is the remainder when 74339 is divided by 1062?
1061
Calculate the remainder when 46631 is divided by 348.
347
What is the remainder when 94330 is divided by 30?
10
Calculate the remainder when 572086 is divided by 121.
119
Calculate the remainder when 3504 is divided by 3497.
7
What is the remainder when 3863399 is divided by 24?
23
Calculate the remainder when 3741424 is divided by 354.
352
Calculate the remainder when 106471 is divided by 228.
223
What is the remainder when 812033 is divided by 178?
175
Calculate the remainder when 865 is divided by 259.
88
What is the remainder when 10961 is divided by 74?
9
Calculate the remainder when 1138891 is divided by 21.
19
Calculate the remainder when 756 is divided by 104.
28
Calculate the remainder when 159654 is divided by 47.
42
What is the remainder when 27042 is divided by 33?
15
What is the remainder when 906669 is divided by 113333?
5
What is the remainder when 322821 is divided by 150?
21
Calculate the remainder when 13814 is divided by 1427.
971
What is the remainder when 56086 is divided by 362?
338
What is the remainder when 907966 is divided by 12?
10
What is the remainder when 19603 is divided by 152?
147
What is the remainder when 2459435 is divided by 133?
132
Calculate the remainder when 17686 is divided by 654.
28
Calculate the remainder when 267289 is divided by 517.
0
Calculate the remainder when 19546 is divided by 104.
98
Calculate the remainder when 37143 is divided by 8.
7
Calculate the remainder when 416066 is divided by 234.
14
Calculate the remainder when 185999 is divided by 200.
199
What is the remainder when 167636 is divided by 61?
8
What is the remainder when 193041 is divided by 1379?
1360
What is the remainder when 2923 is divided by 714?
67
What is the remainder when 6405 is divided by 934?
801
What is the remainder when 140305 is divided by 35071?
21
Calculate the remainder when 7781 is divided by 846.
167
What is the remainder when 27149 is divided by 42?
17
Calculate the remainder when 15215 is divided by 7.
4
Calculate the remainder when 29232 is divided by 2656.
16
What is the remainder when 49403 is divided by 7052?
39
Calculate the remainder when 453666 is divided by 1137.
3
What is the remainder when 8620 is divided by 288?
268
Calculate the remainder when 1203 is divided by 385.
48
Calculate the remainder when 439879 is divided by 186.
175
Calculate the remainder when 12147 is divided by 53.
10
Calculate the remainder when 2199 is divided by 1803.
396
Calculate the remainder when 1521 is divided by 15.
6
What is the remainder when 11682 is divided by 62?
26
Calculate the remainder when 1194 is divided by 1183.
11
What is the remainder when 19859 is divided by 1130?
649
What is the remainder when 1714 is divided by 209?
42
What is the remainder when 1445 is divided by 329?
129
Calculate the remainder when 70714 is divided by 24.
10
What is the remainder when 24744 is divided by 8074?
522
Calculate the remainder when 896619 is divided by 58.
55
Calculate the remainder when 14922 is divided by 14921.
1
What is the remainder when 64249 is divided by 28?
17
Calculate the remainder when 509 is divided by 52.
41
What is the remainder when 195976 is divided by 164?
160
Calculate the remainder when 320 is divided by 276.
44
What is the remainder when 25199 is divided by 7?
6
What is the remainder when 4608 is divided by 2203?
202
Calculate the remainder when 28396 is divided by 17.
6
What is the remainder when 10575 is divided by 2642?
7
Calculate the remainder when 116332 is divided by 439.
436
Calculate the remainder when 188448 is divided by 25.
23
What is the remainder when 13479 is divided by 45?
24
Calculate the remainder when 2127 is divided by 70.
27
What is the remainder when 8025 is divided by 11?
6
Calculate the remainder when 9202 is divided by 74.
26
Calculate the remainder when 9421 is divided by 4701.
19
Calculate the remainder when 303510 is divided by 21.
18
Calculate the remainder when 9152 is divided by 37.
13
What is the remainder when 16171 is divided by 218?
39
What is the remainder when 158926 is divided by 516?
514
Calculate the remainder when 6041 is divided by 155.
151
Calculate the remainder when 2333447 is divided by 324.
323
Calculate the remainder when 5961 is divided by 7.
4
What is the remainder when 149095 is divided by 140?
135
What is the remainder when 6034 is divided by 1973?
115
Calculate the remainder when 5195 is divided by 388.
151
What is the remainder when 11946 is divided by 3964?
54
What is the remainder when 29567 is divided by 1497?
1124
What is the remainder when 20957 is divided by 1046?
37
Calculate the remainder when 3262 is divided by 610.
212
What is the remainder when 6825 is divided by 686?
651
Calculate the remainder when 1998 is divided by 283.
17
What is the remainder when 48981 is divided by 231?
9
Calculate the remainder when 2269928 is divided by 244.
240
Calculate the remainder when 2703 is divided by 896.
15
Calculate the remainder when 29240 is divided by 29179.
61
What is the remainder when 13645 is divided by 284?
13
Calculate the remainder when 10164 is divided by 2015.
89
Calculate the remainder when 3697 is divided by 1232.
1
Calculate the remainder when 2010 is divided by 289.
276
What is the remainder when 179157 is divided by 22389?
45
Calculate the remainder wh